{"id":76,"date":"2016-04-15T19:12:46","date_gmt":"2016-04-15T17:12:46","guid":{"rendered":"http:\/\/abmarine.fr\/?page_id=76"},"modified":"2017-04-26T20:35:17","modified_gmt":"2017-04-26T18:35:17","slug":"entretien-refit","status":"publish","type":"page","link":"https:\/\/abmarine.fr\/index.php\/entretien-refit\/","title":{"rendered":"Entretien"},"content":{"rendered":"<p><img loading=\"lazy\" decoding=\"async\" class=\"wp-image-62 aligncenter\" src=\"http:\/\/abmarine.fr\/wp-content\/uploads\/2016\/04\/11902459_1636138176638912_3322136481260681683_n-300x169.jpg\" alt=\"11902459_1636138176638912_3322136481260681683_n\" width=\"424\" height=\"239\" srcset=\"https:\/\/abmarine.fr\/wp-content\/uploads\/2016\/04\/11902459_1636138176638912_3322136481260681683_n-300x169.jpg 300w, https:\/\/abmarine.fr\/wp-content\/uploads\/2016\/04\/11902459_1636138176638912_3322136481260681683_n-768x432.jpg 768w, https:\/\/abmarine.fr\/wp-content\/uploads\/2016\/04\/11902459_1636138176638912_3322136481260681683_n.jpg 960w\" sizes=\"auto, (max-width: 424px) 100vw, 424px\" \/><\/p>\n<h1>Entretien &amp; r\u00e9paration<\/h1>\n<p>Cela fait plus de 12 ans que AB Marine con\u00e7oit, fabrique et r\u00e9pare des catamarans.<\/p>\n<p>Notre exp\u00e9rience nous permet de trouver la solution ad\u00e9quat pour la r\u00e9paration de votre bateau : tout est r\u00e9parable !<\/p>\n<p>Nous avons \u00e9galement la solution pour sortir votre bateau et le garder \u00e0 terre durant les r\u00e9parations si besoin.<\/p>\n<p>Demandez un <strong>devis par mail<\/strong>.<\/p>\n<p>&nbsp;<\/p>\n","protected":false},"excerpt":{"rendered":"<p>Entretien &amp; r\u00e9paration Cela fait plus de 12 ans que AB Marine con\u00e7oit, fabrique et r\u00e9pare des catamarans. Notre exp\u00e9rience nous permet de trouver la solution ad\u00e9quat pour la r\u00e9paration de votre bateau : tout est r\u00e9parable ! Nous avons<\/p>\n","protected":false},"author":2,"featured_media":0,"parent":0,"menu_order":2,"comment_status":"closed","ping_status":"closed","template":"","meta":{"om_disable_all_campaigns":false,"_monsterinsights_skip_tracking":false,"_monsterinsights_sitenote_active":false,"_monsterinsights_sitenote_note":"","_monsterinsights_sitenote_category":0,"footnotes":""},"class_list":["post-76","page","type-page","status-publish","hentry"],"aioseo_notices":[],"_links":{"self":[{"href":"https:\/\/abmarine.fr\/index.php\/wp-json\/wp\/v2\/pages\/76","targetHints":{"allow":["GET"]}}],"collection":[{"href":"https:\/\/abmarine.fr\/index.php\/wp-json\/wp\/v2\/pages"}],"about":[{"href":"https:\/\/abmarine.fr\/index.php\/wp-json\/wp\/v2\/types\/page"}],"author":[{"embeddable":true,"href":"https:\/\/abmarine.fr\/index.php\/wp-json\/wp\/v2\/users\/2"}],"replies":[{"embeddable":true,"href":"https:\/\/abmarine.fr\/index.php\/wp-json\/wp\/v2\/comments?post=76"}],"version-history":[{"count":6,"href":"https:\/\/abmarine.fr\/index.php\/wp-json\/wp\/v2\/pages\/76\/revisions"}],"predecessor-version":[{"id":174,"href":"https:\/\/abmarine.fr\/index.php\/wp-json\/wp\/v2\/pages\/76\/revisions\/174"}],"wp:attachment":[{"href":"https:\/\/abmarine.fr\/index.php\/wp-json\/wp\/v2\/media?parent=76"}],"curies":[{"name":"wp","href":"https:\/\/api.w.org\/{rel}","templated":true}]}}